s 20 + -640?
-620
In base 2, what is 10100100110 + 110001110?
11010110100
In base 12, what is 1 + -a3a6?
-a3a5
In base 7, what is 65555 + 121?
66006
In base 7, what is -36640304 - 0?
-36640304
In base 5, what is 10422322 - -20?
10422342
In base 9, what is 42205 + 3?
42208
In base 11, what is 0 + 223207?
223207
In base 10, what is 75 + -1001?
-926
In base 6, what is 33 + -30331?
-30254
In base 16, what is 1dd2 + -1?
1dd1
In base 9, what is -5 - 504311?
-504316
In base 3, what is -20020211022 + -11?
-20020211110
In base 11, what is -77a04 + 4?
-77a00
In base 10, what is -71 + -358?
-429
In base 13, what is -2 + b3a7?
b3a5
In base 6, what is 11401 - 21522?
-10121
In base 8, what is -11145055 + 2?
-11145053
In base 9, what is -548 + 1?
-547
In base 6, what is -1 - 10053534?
-10053535
In base 6, what is -53213 - -5?
-53204
In base 12, what is 30 + 258?
288
In base 15, what is -7d + -1357?
-13d5
In base 10, what is -1413 + -21?
-1434
In base 3, what is 20221212120 + -2?
20221212111
In base 3, what is 12200 - 22?
12101
In base 13, what is 4 - c4ca?
-c4c6
In base 5, what is 1024 + 23431?
30010
In base 3, what is -1222222110 + -1?
-1222222111
In base 8, what is 1302 - 606?
474
In base 14, what is d8b0 - -1?
d8b1
In base 12, what is 0 + -198?
-198
In base 4, what is 111211200 + 3?
111211203
In base 6, what is -20 - 245331?
-245351
In base 4, what is 1303013 - -10?
1303023
In base 11, what is 5 - 23734a?
-237345
In base 3, what is -12002 - 10101?
-22110
In base 5, what is 1241 - -1033?
2324
In base 15, what is a3b8 - 1?
a3b7
In base 9, what is 5 + 2478?
2484
In base 12, what is -29 - 214?
-241
In base 4, what is 10 + 222023233?
222023303
In base 16, what is -3 + -a9f9b?
-a9f9e
In base 14, what is -2 - 168249?
-16824b
In base 4, what is 2 - 220103233?
-220103231
In base 6, what is 0 - -233523?
233523
In base 8, what is 20650 - 5?
20643
In base 16, what is 142d - -b?
1438
In base 8, what is -4224 - 6?
-4232
In base 5, what is -2444113 + -41?
-2444204
In base 16, what is -2 - 4a4c?
-4a4e
In base 5, what is -4 - -242240?
242231
In base 16, what is c48 + -130?
b18
In base 14, what is -2 - -a709?
a707
In base 13, what is -6061 + 3?
-605b
In base 2, what is -10 - 11001010100000?
-11001010100010
In base 6, what is 2 + -12200054?
-12200052
In base 14, what is 8777 - -10?
8787
In base 2, what is -1000010110100101100 - -101?
-1000010110100100111
In base 5, what is 2310 - -13?
2323
In base 10, what is 63 + 5455?
5518
In base 5, what is 14030114 + 21?
14030140
In base 7, what is -5 - 226562?
-226600
In base 11, what is -373 + 13a?
-234
In base 11, what is -6059 - 56?
-6104
In base 5, what is -30311 + -33?
-30344
In base 11, what is -1 + -2292?
-2293
In base 2, what is -10011011001011 + 111100?
-10011010001111
In base 9, what is -548 + -65?
-624
In base 10, what is 4891 - 3?
4888
In base 10, what is 514 + 232?
746
In base 6, what is -5411 - 142?
-5553
In base 14, what is -155 - -cd?
-66
In base 7, what is 524 + -1403?
-546
In base 5, what is -101242 - -3412?
-42330
In base 12, what is -8408 + -2?
-840a
In base 2, what is -10011101000101 + -1110?
-10011101010011
In base 13, what is -bb6 + -1c?
-c05
In base 15, what is -3ae9 + 4?
-3ae5
In base 8, what is -430010 + 1?
-430007
In base 4, what is -10 + -3230033?
-3230103
In base 11, what is -3 - 29853?
-29856
In base 6, what is 1024505 + 53?
1025002
In base 8, what is 4621 - -662?
5503
In base 3, what is -11200020 - 222100?
-12122120
In base 16, what is -8 - 1f43?
-1f4b
In base 9, what is 135455 - -3?
135458
In base 8, what is -2 - 67305?
-67307
In base 6, what is 15114 + 422?
15540
In base 6, what is 13013552 - -1?
13013553
In base 10, what is 5 + -85406?
-85401
In base 7, what is -352121 + -22?
-352143
In base 9, what is -2 - 24251?
-24253
In base 9, what is 163585 + 3?
163588
In base 11, what is -15 + 18a24?
18a0a
In base 14, what is 7 + 19786?
1978d
In base 3, what is -1020 + -10021000?
-10022020
In base 9, what is -7187 - 5?
-7203
In base 7, what is -13 - -134326?
134313
In base 13, what is -3a67 + a?
-3a5a
In base 5, what is 1411 - -1034?
3000
In base 7, what is 12 + 256141?
256153
In base 10, what is -6 + -105543?
-105549
In base 5, what is 2224400 - 1?
2224344
In base 9, what is 3081 - 2?
3078
In base 13, what is -37ba46 - -3?
-37ba43
In base 8, what is -1421176 + -1?
-1421177
In base 12, what is b0 - -77?
167
In base 3, what is 10222210120 + 12?
10222210202
In base 12, what is 0 - 63100?
-63100
In base 9, what is 513 - 188?
314
In base 8, what is -3 + 50503?
50500
In base 9, what is -31 + -15?
-46
In base 6, what is 522 + -242?
240
In base 8, what is 14 - -3273?
3307
In base 4, what is 1 - -3311133?
3311200
In base 2, what is -10 - 10101000101000100?
-10101000101000110
In base 16, what is a3 + d9?
17c
In base 7, what is 10300 + 16?
10316
In base 4, what is 1 - -321222002?
321222003
In base 14, what is -12 + 1d?
b
In base 11, what is 0 + 9310?
9310
In base 14, what is 1 - 3a95c?
-3a95b
In base 11, what is 28 - 444?
-417
In base 11, what is 2a799 - -58?
2a846
In base 2, what is -1110111001100011 + -111?
-1110111001101010
In base 4, what is -102120 - 10233?
-113013
In base 11, what is 24 + -3a72?
-3a49
In base 3, what is -101011 - 11000002?
-11101020
In base 8, what is 77 - 7662?
-7563
In base 13, what is -13173 + 0?
-13173
In base 14, what is -2 + -1786?
-1788
In base 8, what is 4 - 12452?
-12446
In base 8, what is 13511 + 52?
13563
In base 8, what is -4513 + 3?
-4510
In base 2, what is 10111010011001 - 1000001?
10111001011000
In base 13, what is -14 - 389c?
-38b3
In base 13, what is -5 + 6b202?
6b1ca
In base 12, what is 13302 + -11?
132b1
In base 14, what is -1d28 - 29?
-1d53
In base 16, what is -2df + 14a?
-195
In base 3, what is 2 - 100121102100?
-100121102021
In base 11, what is 4834 - 25?
480a
In base 3, what is 12 + -100200200002?
-100200122220
In base 15, what is 0 - 1151b?
-1151b
In base 2, what is 11 - 11010100111000011?
-11010100111000000
In base 6, what is -2241000 - 4?
-2241004
In base 3, what is -20011120 + 110221?
-12200122
In base 7, what is 13416 - -144?
13563
In base 3, what is 110111 - 2100?
101011
In base 5, what is 20403114 - -10?
20403124
In base 4, what is -2 - 110230?
-110232
In base 7, what is 56 + 144660?
145046
In base 10, what is 10 + 5367?
5377
In base 12, what is -4 - 11971?
-11975
In base 10, what is -515 - 73?
-588
In base 14, what is 12c - -5b?
189
In base 8, what is 5 + -35242?
-35235
In base 11, what is 8 + 12983?
12990
In base 10, what is 97 - -2963?
3060
In base 2, what is 11000100 + -10001001110?
-1110001010
In base 10, what is 1 - -2221?
2222
In base 7, what is 13 + 6022?
6035
In base 3, what is -112002210100 - -11?
-112002210012
In base 16, what is -d + -1139?
-1146
In base 6, what is 111150234 - -2?
111150240
In base 9, what is 1786024 + -4?
1786020
In base 7, what is 1 - -24600?
24601
In base 14, what is 0 - 19856?
-19856
In base 12, what is -182 + -3b29?
-40ab
In base 11, what is 4a7114 + 2?
4a7116
In base 8, what is 221 + -116?
103
In base 14, what is -5 - 325a?
-3261
In base 13, what is 23488 + -1?
23487
In base 9, what is -18 + 2874?
2855
In base 16, what is 137ed - -2?
137ef
In base 3, what is -1202122 - 0?
-1202122
In base 10, what is 47742 + -95?
47647
In base 10, what is -3602 + -399?
-4001
In base 7, what is 1360 + -201?
1156
In base 11, what is -7 + -1a2141?
-1a2148
In base 4, what is 201 - -33301?
100102
In base 14, what is 36 - -3d45?
3d7b
In base 2, what is 10010010001 - -1100?
10010011101
In base 2, what is -10 + -1111000010100?
-1111000010110
In base 8, what is 1 - 11441?
-11440
In base 8, what is -232313 + -15?
-232330
In base 14, what is -a6 - 180?
-246
In base 14, what is -168 - -b2?
-96
In base 2, what is -100 - -1011000001011001111?
1011000001011001011
In base 6, what is -1 - -232023?
232022
In base 16, what is f3 + 47?
13a
In base 15, what is 30c6 - -29?
3100
In base 11, what is 2 - 13a7?
-13a5
In base 11, what is -314 + -30?
-344
In base 2, what is 11101101101000000 - 1000?
11101101100111000
In base 6, what is 220254 + 2?
220300
In base 2, what is -10100110 + -1111001010100?
-1111011111010
In base 2, what is -11101110001 - 110011?
-11110100100
In base 12, what is -995 + 19?
-978
In base 4, what is 23103 - -102223?
131332
In base 10, what is -11928 +